 9053828 and 4459.
343
What is the greatest common divisor of 8823336 and 96?
24
What is the highest common factor of 22113 and 43689429?
189
What is the greatest common divisor of 363556584 and 1098?
1098
What is the greatest common factor of 576309352 and 5960?
1192
Calculate the greatest common factor of 18773255 and 18419.
113
What is the greatest common factor of 2038488 and 109272?
3768
Calculate the greatest common factor of 7467 and 364629.
57
Calculate the highest common divisor of 301 and 29326640.
7
Calculate the highest common divisor of 170451829 and 1205.
241
Calculate the greatest common divisor of 4780 and 4540.
20
What is the highest common factor of 700 and 31675350?
350
Calculate the greatest common divisor of 7094976 and 4872.
168
What is the greatest common factor of 2179 and 1511?
1
Calculate the greatest common divisor of 56011217 and 959.
137
What is the greatest common divisor of 7660 and 156296555?
1915
What is the greatest common factor of 150 and 94027575?
75
Calculate the greatest common factor of 22740464 and 6192.
688
What is the highest common factor of 3429 and 206253?
27
Calculate the highest common divisor of 13829373 and 9.
9
What is the highest common factor of 12823648 and 32?
32
Calculate the highest common divisor of 20257523 and 7293.
2431
What is the greatest common factor of 413238 and 14336?
14
Calculate the highest common divisor of 632 and 9348860.
316
Calculate the highest common divisor of 22828679 and 620.
31
What is the highest common divisor of 90789 and 5274327?
1713
Calculate the highest common divisor of 104 and 143478452.
52
Calculate the highest common factor of 551327 and 10744.
17
What is the greatest common factor of 1276 and 89943616?
116
What is the highest common divisor of 1125792 and 14688?
864
What is the highest common factor of 1951 and 106070017?
1951
Calculate the highest common factor of 520450893 and 36585.
7317
Calculate the greatest common factor of 33536 and 4408.
8
What is the highest common divisor of 2566838 and 60902?
74
Calculate the highest common factor of 2254 and 1356862.
46
What is the greatest common divisor of 46734 and 66?
6
What is the highest common divisor of 322 and 7865471?
23
Calculate the highest common divisor of 529816 and 91616.
56
What is the highest common factor of 133712 and 3724208?
2192
Calculate the highest common divisor of 10514772 and 8280.
828
What is the greatest common factor of 72279 and 22122728?
2677
Calculate the highest common divisor of 202224 and 145923.
1149
Calculate the greatest common factor of 343380 and 63012.
708
What is the greatest common factor of 5422 and 40976765?
2711
Calculate the highest common factor of 2208 and 241914.
138
Calculate the highest common divisor of 1380740 and 238204.
2108
What is the highest common factor of 190 and 403562470?
190
What is the highest common factor of 9928144 and 63632?
1552
What is the highest common factor of 49544936 and 168?
56
What is the greatest common divisor of 8611 and 324848?
79
What is the highest common factor of 247528075 and 25?
25
Calculate the greatest common divisor of 61538696 and 9715.
1943
What is the highest common divisor of 60716 and 438428?
172
What is the highest common factor of 1492 and 142566568?
1492
What is the highest common divisor of 5525 and 4137250?
325
What is the highest common divisor of 114975040 and 320?
320
What is the highest common divisor of 20088 and 5519736?
2232
What is the greatest common factor of 44035381 and 22795?
4559
Calculate the highest common divisor of 3491705 and 117250.
2345
Calculate the highest common factor of 361914462 and 2870.
574
What is the highest common divisor of 6487 and 124787?
13
Calculate the highest common factor of 732063124 and 52.
52
What is the highest common divisor of 1680 and 66765?
15
Calculate the highest common factor of 5736 and 24672.
24
Calculate the greatest common divisor of 1242 and 41718159.
621
What is the highest common divisor of 572702 and 1287?
13
What is the greatest common divisor of 7540390 and 72930?
1430
What is the greatest common factor of 251173 and 4043?
13
What is the highest common divisor of 50168430 and 73710?
3510
What is the greatest common divisor of 5388 and 5836?
4
What is the greatest common factor of 1417191 and 17687?
23
What is the highest common factor of 38190 and 3417530?
190
Calculate the highest common divisor of 215709488 and 144.
16
What is the highest common divisor of 6379488 and 1199520?
4896
What is the greatest common factor of 1073889 and 126?
9
What is the greatest common factor of 9312 and 29986968?
2328
Calculate the highest common divisor of 286117 and 749999.
1693
What is the greatest common divisor of 168 and 29234520?
168
Calculate the greatest common factor of 256323 and 2623.
43
Calculate the highest common factor of 12860 and 67820.
20
Calculate the greatest common factor of 4626720 and 13600.
2720
What is the highest common factor of 556 and 1247942?
278
What is the greatest common divisor of 20 and 1973025?
5
Calculate the greatest common factor of 761797 and 2133.
79
What is the greatest common factor of 296 and 317104?
8
What is the highest common factor of 14217 and 931552?
677
Calculate the greatest common divisor of 532291 and 1352041.
1093
What is the highest common factor of 3648582 and 27738?
414
What is the highest common factor of 2288 and 3250585624?
1144
What is the greatest common factor of 2 and 20751628?
2
Calculate the highest common factor of 67093 and 5434871.
169
What is the greatest common factor of 6363900 and 2700?
2700
Calculate the highest common divisor of 3426084 and 10746.
54
Calculate the greatest common factor of 136427 and 107579.
601
Calculate the highest common divisor of 468450 and 90720.
270
Calculate the highest common factor of 22 and 750564529.
11
Calculate the greatest common factor of 11124 and 31644.
108
Calculate the greatest common factor of 249 and 1505523.
3
Calculate the highest common divisor of 93682 and 97063618.
3022
Calculate the highest common factor of 968 and 54694904.
968
Calculate the greatest common divisor of 870 and 49965.
15
Calculate the greatest common divisor of 2856 and 6321144.
408
What is the greatest common factor of 8035 and 19600579?
1607
What is the greatest common factor of 104098924 and 436?
436
What is the highest common divisor of 1640 and 74489620?
820
What is the highest common divisor of 186626532 and 3012?
3012
What is the greatest common divisor of 354 and 6042249?
177
What is the greatest common factor of 313537 and 8?
1
What is the greatest common divisor of 11559 and 2757?
3
Calculate the highest common factor of 10360 and 15520680.
280
Calculate the highest common factor of 30117350 and 920.
230
Calculate the highest common factor of 192965431 and 489.
163
What is the highest common factor of 53 and 93097?
1
Calculate the highest common factor of 164934240 and 80.
80
What is the greatest common factor of 493728 and 2783892?
1668
What is the highest common factor of 3536 and 209144?
104
Calculate the greatest common factor of 15143081 and 4016.
251
Calculate the highest common factor of 177434919 and 8982.
4491
Calculate the greatest common factor of 1096418 and 469006.
3106
What is the greatest common divisor of 871 and 2077192?
13
What is the greatest common divisor of 18 and 3859500?
6
What is the highest common factor of 6908 and 1458358?
22
What is the greatest common divisor of 249959 and 5074?
43
What is the highest common factor of 8976380 and 280?
140
Calculate the greatest common divisor of 624 and 6463236.
156
What is the greatest common factor of 52722 and 12095784?
522
Calculate the greatest common divisor of 623475 and 1615.
85
What is the greatest common divisor of 629454 and 7938?
294
Calculate the greatest common factor of 6379768 and 232.
232
What is the highest common factor of 4264 and 213236777?
533
What is the highest common factor of 8919427 and 164?
41
Calculate the greatest common factor of 1795 and 4774341.
359
What is the highest common factor of 108382294 and 467?
467
Calculate the highest common divisor of 4267866 and 4.
2
Calculate the highest common factor of 33263 and 48143.
31
What is the highest common factor of 343848 a